s 5 - 369?
-364
In base 3, what is 122122 + -1002211?
-110012
In base 3, what is 100 + -1001012?
-1000212
In base 16, what is -15 - -43f4?
43df
In base 12, what is -533 - 4ba?
-a31
In base 6, what is -114222441 + 4?
-114222433
In base 4, what is -1123333 + -12323?
-1202322
In base 12, what is 0 + -aa5?
-aa5
In base 15, what is -8d0 + 0?
-8d0
In base 3, what is 210020 + 1221?
212011
In base 15, what is 5 + d0c74?
d0c79
In base 16, what is 10b9 - 100?
fb9
In base 15, what is 5 + -74c4?
-74be
In base 2, what is -111110001100000100 + -100?
-111110001100001000
In base 9, what is -3 + 215375?
215372
In base 3, what is 110 + -20112121?
-20112011
In base 13, what is 1c95 - 20?
1c75
In base 9, what is 48107 - 2?
48105
In base 2, what is -10 + 1111100110?
1111100100
In base 4, what is -11123 - -211?
-10312
In base 2, what is -100 + 11101100000?
11101011100
In base 5, what is -422322 - 1?
-422323
In base 5, what is 130024 - -3?
130032
In base 3, what is 20220 + 2002021?
2100011
In base 7, what is -1056404 - -2?
-1056402
In base 15, what is -113 - 50?
-163
In base 10, what is 343675 - 2?
343673
In base 3, what is 2122 + -112021?
-102122
In base 12, what is -6194 + -a1?
-6275
In base 14, what is 16 - -19dd8?
1a010
In base 9, what is 3 - 41443?
-41440
In base 4, what is -12113 - -1230?
-10223
In base 5, what is 14 - 30431?
-30412
In base 16, what is -3 + -57fb?
-57fe
In base 12, what is -7689b + 6?
-76895
In base 5, what is 13 - 44333?
-44320
In base 8, what is -234 + -120?
-354
In base 15, what is -42 + -4b18?
-4b5a
In base 3, what is -11 - 12221101000?
-12221101011
In base 3, what is 1 + 2012001020?
2012001021
In base 7, what is -1 + 4114?
4113
In base 10, what is -310811 + -3?
-310814
In base 15, what is 5b3 - -b1?
674
In base 11, what is -59 - a?
-68
In base 8, what is -2602131 - -2?
-2602127
In base 12, what is 278194 - -2?
278196
In base 6, what is -114 + 343?
225
In base 10, what is 5354 - 5?
5349
In base 13, what is 0 + -10a1?
-10a1
In base 14, what is 9 + 861d1?
861da
In base 7, what is 1543 + -11145?
-6302
In base 11, what is 1796 + 13?
17a9
In base 5, what is 3 - -130344223?
130344231
In base 16, what is -18308 - -2?
-18306
In base 4, what is -10133 - -3020?
-1113
In base 12, what is -102469 - 3?
-102470
In base 5, what is 1222010 - -40?
1222100
In base 7, what is 15 + 2253?
2301
In base 8, what is -12173 - 323?
-12516
In base 15, what is 3 + -aa40?
-aa3c
In base 9, what is -1070 + -1050?
-2130
In base 16, what is 1580 - -5?
1585
In base 3, what is 1 + -1120022122120?
-1120022122112
In base 5, what is 104141 - -3?
104144
In base 6, what is -2520 + -11301?
-14221
In base 8, what is 2147 + 4?
2153
In base 3, what is 111 - -101112112?
101120000
In base 16, what is -4b9 - -212?
-2a7
In base 2, what is 101 + -1001010001010?
-1001010000101
In base 13, what is -25 + 614?
5bc
In base 3, what is 11101112 + 120202?
11222021
In base 2, what is 100000001111 - 10000000?
11110001111
In base 12, what is -620 + 36?
-5a6
In base 5, what is 212 + -10242?
-10030
In base 2, what is 0 + 110110010001101101?
110110010001101101
In base 8, what is -4062 + 5?
-4055
In base 7, what is 331150 + -44?
331103
In base 15, what is 40 + 1659?
1699
In base 12, what is -4a7967 + -1?
-4a7968
In base 16, what is -53c5 + -13?
-53d8
In base 3, what is -11201 + 11212211?
11201010
In base 7, what is -10001036 + -4?
-10001043
In base 4, what is 310302 + 1?
310303
In base 13, what is b9 - -3c78?
4064
In base 5, what is 11 - -11104?
11120
In base 13, what is 2 + -350b2?
-350b0
In base 9, what is 0 - -273?
273
In base 7, what is 61411616 - 1?
61411615
In base 9, what is -1053251 - -4?
-1053246
In base 12, what is -48 - -11?
-37
In base 13, what is -3589 + -20?
-35a9
In base 16, what is -1a - -1289c?
12882
In base 4, what is 30330 + -122?
30202
In base 12, what is 21 + 1aa52?
1aa73
In base 7, what is 3152020 + -3?
3152014
In base 15, what is 3ac + -e2?
2ba
In base 11, what is 83a4 - -11?
8405
In base 10, what is 527285 + -7?
527278
In base 13, what is 8b26 - 4?
8b22
In base 8, what is -4 + -276161?
-276165
In base 13, what is 1 + -16b9?
-16b8
In base 8, what is 1 - 265130?
-265127
In base 3, what is -2 + -2110120002?
-2110120011
In base 2, what is 1010011001 + -1010011?
1001000110
In base 3, what is -2012 + 11020121?
11011102
In base 10, what is 0 - -18093?
18093
In base 11, what is -39 + a9?
70
In base 3, what is -22 + 210121120?
210121021
In base 10, what is -372532 + -8?
-372540
In base 13, what is 437a5 + 3?
437a8
In base 11, what is -5 - -73651?
73647
In base 4, what is 2130121210 + 0?
2130121210
In base 2, what is -101100001 - -100100?
-100111101
In base 11, what is -10 + -126a?
-127a
In base 12, what is 468 - -103?
56b
In base 4, what is -3111 + 22212?
13101
In base 2, what is 1101011011101011011 + -100?
1101011011101010111
In base 8, what is -264205 + -43?
-264250
In base 3, what is 20222000000 - -10?
20222000010
In base 4, what is -32021 - 11303?
-103330
In base 15, what is 71 - -1ae?
230
In base 3, what is -20 - 11011120021?
-11011120111
In base 10, what is 75 + 3625?
3700
In base 2, what is -100 - 111100101001?
-111100101101
In base 9, what is 34405 + -7?
34387
In base 15, what is -70d4 + 37?
-709c
In base 12, what is 15 - -24640?
24655
In base 8, what is -2 - 32005?
-32007
In base 14, what is 54 + 46ad?
4723
In base 8, what is 177 - -16514?
16713
In base 15, what is -3 - 14e1a?
-14e1d
In base 5, what is 11033320 - 100?
11033220
In base 6, what is -2 - -205230?
205224
In base 5, what is 120 - -1224?
1344
In base 11, what is 846 + -298?
559
In base 5, what is -13 - -30213023?
30213010
In base 7, what is 21520 - -25?
21545
In base 10, what is -16 + -100854?
-100870
In base 16, what is -26d + b?
-262
In base 9, what is -4647 - 35?
-4683
In base 10, what is -5 - 25687?
-25692
In base 9, what is -7150 - -250?
-6800
In base 4, what is -1020203 + 11130?
-1003013
In base 15, what is ab2 + -1a?
a97
In base 4, what is 12012303022 + 11?
12012303033
In base 9, what is -15 + 133?
117
In base 3, what is -201221201 - -1?
-201221200
In base 7, what is -21525025 + 1?
-21525024
In base 6, what is 12134 + -2125?
10005
In base 2, what is 11 - -110110111010011?
110110111010110
In base 10, what is -25807 - -3?
-25804
In base 13, what is 19 + -42a1?
-4285
In base 5, what is 10023211 - -11?
10023222
In base 7, what is 3 - 13625?
-13622
In base 15, what is 4 + 2a42a?
2a42e
In base 12, what is 47935 - 9?
47928
In base 16, what is -4 - 4dae5?
-4dae9
In base 15, what is 677d2c + 0?
677d2c
In base 10, what is 4 + 596669?
596673
In base 15, what is 5 + 5a13?
5a18
In base 10, what is -75 - -4698?
4623
In base 9, what is -7 + -11622?
-11630
In base 8, what is -221657 - -1?
-221656
In base 9, what is 108266 - -3?
108270
In base 9, what is -274 + -25?
-310
In base 3, what is 110 + 10022011?
10022121
In base 3, what is -2111221 - -22?
-2111122
In base 2, what is 11001010101010101 - -101?
11001010101011010
In base 10, what is -639 - 4?
-643
In base 6, what is 3 - 132053?
-132050
In base 2, what is -10 - 1000110001011111010?
-1000110001011111100
In base 15, what is 1c6 + -35b0?
-33d9
In base 14, what is -1232 + -15?
-1247
In base 10, what is -5 + -222618?
-222623
In base 2, what is -11111010111 - -1?
-11111010110
In base 10, what is 6 - -53107?
53113
In base 9, what is 5 - 40734?
-40728
In base 11, what is 22a4 - -19?
2312
In base 16, what is -3e3 - 4?
-3e7
In base 9, what is -228067 + -15?
-228083
In base 5, what is 3300440012 - -1?
3300440013
In base 16, what is -1227 - 6?
-122d
In base 13, what is -7 + 10923?
10919
In base 12, what is 16688 - 4?
16684
In base 8, what is 14323 - 101?
14222
In base 10, what is -11 - 37714?
-37725
In base 12, what is -73 + 452?
39b
In base 14, what is -1cdaa - 5?
-1cdb1
In base 13, what is 211 - -20?
231
In base 13, what is -946 - 93?
-a09
In base 15, what is -70bb - -164?
-6e57
In base 3, what is 211002012111 - -2?
211002012120
In base 9, what is 45 + -1337?
-1282
In base 5, what is 1 + -112031?
-112030
In base 7, what is 30510 - -14?
30524
In base 9, what is 186 - 32843?
-32646
In base 10, what is -22 - 51433?
-51455
In base 5, what is -341 - 243314?
-244210
In base 5, what is 301 - 20240?
-14434
In base 11, what is -48 - 5292?
-532a
In base 16, what is -6b - -9d?
32
In base 6,